8)*4?
1
Let j = 54990 - 39175. What is the hundreds digit of j?
8
Let q(h) be the third derivative of h**5/5 + h**4/4 - h**3/2 - 7*h**2. Let s(m) = 4*m**2 + 5*m - 5. Let l be s(1). What is the tens digit of q(l)?
1
Suppose -9*n + 75 + 24 = 0. Let y(u) = 126*u - 197. What is the thousands digit of y(n)?
1
Let u(t) = t + 1. Let r be u(4). Let f be (-288)/(-60) + 1/r. Suppose -4*m - 5*y - 2 = -11, 0 = 5*y - f. What is the units digit of m?
1
Suppose -48535 = 10*j - 27*j. Suppose -9*i = -j - 1357. What is the tens digit of i?
6
Let v = -72 - -102. Let z(f) = v*f + 21*f - 47*f + 14 - 3. What is the units digit of z(9)?
7
Suppose -5*m = -n + 5, -93*m = 5*n - 92*m + 27. Let x be 0 + -2 - 1*4646. What is the tens digit of 1/n + x/(-40)?
1
Suppose 8 = -3*c + 7*c. Let u be (1 + c)/(45/(-120)). What is the units digit of (8 - 25)/(2/u)?
8
Suppose 10*g = -13*g + 138. What is the units digit of (-2513)/126*-4 + g/27?
0
Let g be (-6912)/(-8) + 7 + -2. Let b = g + -278. What is the units digit of b?
1
Suppose -1 = 8*o - 9*o. Let g be -1 - (-1 + -3 + -5)/o. Suppose -g*r = -7*r - 158. What is the units digit of r?
8
Let t be (-9)/(9/(-20)) + 3. Suppose 2*r = -t + 299. Suppose m + 3*w = -2*m + r, -w + 128 = 3*m. What is the units digit of m?
1
Suppose -1012493 = -43*p - 17*p - 282773. What is the ten thousands digit of p?
1
Suppose 3*w - i = 6*w - 2847, -5*i = -w + 949. Let f = -430 + w. What is the hundreds digit of f?
5
Let h = 1210 + 38. Suppose -5*x = -d - 1395, 5*x - h - 147 = -5*d. What is the hundreds digit of x?
2
Suppose -337 = b - 808. Suppose -b - 529 = -8*p. Suppose 0*h - p = -h. What is the units digit of h?
5
Suppose -63*n = -68*n + 940. Suppose 2*v - n = 810. What is the tens digit of v?
9
Suppose -27264 = -3*t + 3*w, 4*t + 17*w - 36387 = 16*w. What is the tens digit of t?
9
Let a(k) be the first derivative of -k**4/4 + 6*k**3 + 3*k**2 + 29*k - 97. What is the units digit of a(16)?
7
Let z(s) = -18*s**2 - 16*s - 54. Let r be z(-4). What is the tens digit of (r/8)/((12/32)/(-3))?
7
Suppose 0 = -26*h + 15975 + 102247. What is the units digit of h?
7
Suppose 5*n - 3*k - 6 = 0, -13*n + 15*n - 15 = -3*k. Suppose -4*w - 3*z + 361 = -525, -n*w + 656 = -2*z. What is the hundreds digit of w?
2
Let i(o) = -o**3 - 14*o**2 - 14*o - 10. Let s be i(-13). Suppose 0 = 4*b - 2*j - 4, 2*b = -6*j + s*j + 10. Suppose b*d - 1 = 13. What is the units digit of d?
7
Suppose -336 = -648*p + 641*p. What is the thousands digit of -2*(-4552)/p*9?
1
Let r(n) = 0*n**2 - 3*n**2 + 19 - 8*n - 2*n**2 + 4*n**2. What is the units digit of r(-7)?
6
Suppose 0 = 5*f + 4*q + 13, -2*f - 6 - 2 = 3*q. Let n = f + -5. What is the tens digit of n/4*-3*4?
1
Suppose -2*c = 2*x - 14866, 0 = 4*c - 4*x - 26545 - 3187. What is the hundreds digit of c?
4
Suppose -2*h + 35044 = 279*r - 282*r, 5*r - 30 = 0. What is the thousands digit of h?
7
Suppose b - 3*b = -3*y - 29, 15 = -3*y. Let c(x) = -2*x + 14. Let d be c(b). Suppose 2*j - 4*k - 80 = j, d = -4*j - 5*k + 257. What is the tens digit of j?
6
What is the thousands digit of 4765 + (4/(-1) - 5)?
4
Let m(r) = r**3 + 12*r**2 + 22*r + 29. Let y be m(-10). Let l(j) = 46*j + 53. What is the hundreds digit of l(y)?
4
Suppose 2*r - 4846 = -0*r. Suppose 2*w = r - 511. What is the units digit of w?
6
Suppose 0 = 6*j + 7133 + 373. Let l = -512 - j. What is the units digit of l?
9
Let f = -801 - -1686. Suppose -2*h + f = -h. What is the units digit of h?
5
Suppose 5*v + 7*p + 5 = 9*p, -4*v + 2*p = 2. Let z(g) = -4 - 3*g - 9*g - 16*g. What is the tens digit of z(v)?
8
Let z(s) = s + 8. Let w be z(-8). Suppose -d + 4*f + 0*f + 484 = w, -f + 1919 = 4*d. What is the tens digit of d?
8
Suppose -5648 = -o - i - 361, -5*i + 10598 = 2*o. What is the hundreds digit of o?
2
Suppose -38*t + 102103 = -318367. What is the units digit of t?
5
What is the tens digit of (-10603436)/(-596) + -1*8?
8
Let x(i) = -i**3 - i**2 + 68*i + 2. Let u be x(-9). Let p = 1 - 1. Suppose 5*d - 17 - u = p. What is the units digit of d?
1
Let y be ((-108)/(-48))/((-3)/8). Let w(x) = -x**2 + x. Let a(t) = -5*t**2 + 18*t - 16. Let q(g) = y*w(g) + a(g). What is the tens digit of q(10)?
0
Suppose -4*h = -7*h - 9, 5*k = -2*h + 50394. What is the thousands digit of k?
0
Let w = -45 - -48. Suppose -2*b = 2*n - 0*n + 8, 4*n + w*b = -12. Suppose n = -5*v - 50 + 370. What is the units digit of v?
4
Suppose -18*k + 2927 + 6361 = 0. Suppose 11*h + k = 14*h. What is the tens digit of h?
7
What is the hundreds digit of (3 + 56/(-16))/(15/(-666180))?
2
Let m be (-3)/5 + ((-810)/25 - 3). What is the hundreds digit of m*9/12*-27?
7
Let l(o) = 1988*o + 1272. What is the thousands digit of l(26)?
2
Let x be (20/(-40))/((-1)/10). Suppose 0 = 2*p - 3*u - 11, 3*u - 20 = -x*p - 3. Suppose d + 9*n - p*n - 108 = 0, 4*n - 110 = -d. What is the units digit of d?
8
Suppose c + 5*x - 123 = 583, -5 = -x. Suppose 10*l + c = 41. Let t = 92 - l. What is the hundreds digit of t?
1
Suppose 32*l - 323934 = 92166 - 95172. What is the thousands digit of l?
0
Let w = -27151 - -27147. Let z be 121/(-3) - 1/(-3). What is the tens digit of 1/8 - (w + 2115/z)?
5
Let v = -51451 + 75817. What is the hundreds digit of v?
3
Suppose -34*p - 6 = -40*p. Suppose -6*k - 3 = 2*o - k, 4*k + 4 = 0. What is the units digit of 1 + (91 + p)/o?
3
Let t(j) = j**2 + j + 1. Let o be t(-6). Let g = o + 85. What is the hundreds digit of g?
1
Let l(z) = 7*z - 18. Let u be l(3). Suppose -3*g - x + 2326 = 0, u*x + 782 = g + 5*x. What is the units digit of g?
4
Let u(i) = 2*i**2 + 2*i + 90. Let l be u(0). Let t be (-2)/(-1)*l/12. Suppose -6*w = -t*w + 558. What is the units digit of w?
2
Let m = -1915 + 680. What is the hundreds digit of 0 + m/(-4) - 6/(-24)?
3
Let z(m) = -44 - 92 - 73 + 48*m + 3*m. What is the tens digit of z(13)?
5
Suppose 50 = 5*n - 155. What is the units digit of ((-30)/2)/((-1)/n)?
5
Let v(c) = -2*c**2 + 5*c + 9 + 2*c + 3*c**2. Let j(h) = -21*h + 267. Let p be j(13). What is the units digit of v(p)?
3
Let z(r) = -7*r**3 + 9 + 20*r**2 + 45*r**3 - 27*r**2. What is the tens digit of z(3)?
7
What is the thousands digit of 27/(-18)*(-30898)/3?
5
Let y(m) = -m**3 - 6*m**2 - 7*m - 10. Let g be y(-5). Suppose 0 = -2*i + 7*i + 25, -u + 5*i + 109 = g. What is the tens digit of u?
8
Let l(a) be the second derivative of -a**4/12 + 2*a**3/3 + 441*a**2/2 - 106*a. What is the units digit of l(0)?
1
Let p = 26512 + -15811. What is the units digit of p?
1
Let s be (4 + (-1 - 2) - -2) + 244. Suppose 0 = -4*w + 5*h + 195, 0 = -0*w - 5*w + 3*h + s. What is the tens digit of w?
5
Let p = 57 - 25. Suppose 30*y - p*y = -142. Suppose 2*b - 5*w = 412, -b + y = -4*w - 138. What is the hundreds digit of b?
2
Let g = 261 - 248. Suppose g*a - 5188 = 9*a. What is the hundreds digit of a?
2
Let k(j) = -19*j - 11. Let x be (-2)/(-5) + (-172)/(-20). Suppose -5*d - x*d = 84. What is the units digit of k(d)?
3
Suppose 0 = -24*b + 28 + 50372. What is the thousands digit of b?
2
Let w be (54/45)/(6/(-140)). Let b = 49 + w. Suppose -17*o = -b*o + 172. What is the tens digit of o?
4
Suppose -149*f = -142*f - 129864. Suppose -13*x + 246 = -f. What is the thousands digit of x?
1
Suppose 5*t - 6 + 1 = -5*g, 5*g + 22 = 4*t. Let f(r) = -t*r - r**2 + 109*r**3 + 2*r - 145*r**3. What is the units digit of f(-1)?
6
Suppose 2*r + 4*g - 7844 = 0, -r = g - 2168 - 1749. Suppose -d = -13*d - r. What is the tens digit of d/6*(-5 - (-10)/5)?
6
What is the ten thousands digit of (2905/(-10) - 19)/(1/(-78))?
2
What is the thousands digit of 2 + -3 + (-130)/(-13) + 4559?
4
Let j be ((-87)/(-9) - 11)/(1/(-2601)). Suppose 10*h = -7*h + j. What is the hundreds digit of h?
2
Let k = -2656 - -3741. What is the units digit of k?
5
Let r(s) = 12*s**2 - 89*s + 56. What is the hundreds digit of r(16)?
7
Suppose -185934 = -2*w + 360*v - 355*v, -4*w + 371772 = 2*v. What is the thousands digit of w?
2
Let v(w) be the second derivative of w**4/6 - 23*w**3/6 + 29*w**2/2 + 2*w. Let t be ((-4)/(-3))/((-36)/(-432)). What is the units digit of v(t)?
3
Let h(m) = -6*m**2 - m + 3819. What is the thousands digit of h(0)?
3
Suppose 188*t - 214*t = -61100. What is the hundreds digit of t?
3
Suppose 0 = -4*g + 2*g + 22. Let n(t) = -26 + 11*t + g + 2*t. What is the tens digit of n(11)?
2
Let v(y) = 13*y**2 - 22*